he prime factors of j?
67
Let a(q) = 2*q**3 - 4*q**2 - 9*q + 3. Let j be a(5). Let f = j + -76. List the prime factors of f.
2
Suppose 2*d - 1110 = -5*n, 3*n + 3216 = 5*d + 503. List the prime factors of d.
5, 109
Suppose 0 = m + 12 - 2767. List the prime factors of m.
5, 19, 29
Let p(z) be the second derivative of -z**5/20 + 11*z**4/12 + 7*z**3/3 - 3*z**2/2 - 3*z. Let c be p(12). Suppose -i = 2 - c. What are the prime factors of i?
19
Suppose 3*q - 4 + 295 = 0. Let a = q + 172. What are the prime factors of a?
3, 5
Let b = 2621 - 1807. List the prime factors of b.
2, 11, 37
Suppose -5*f - 5*z - 5 = 0, f - z = -4*f + 25. Suppose -w = f*w - 485. List the prime factors of w.
97
List the prime factors of ((-23)/(-6))/23 - 20877/(-18).
2, 5, 29
Suppose -f - 4*g - 7 = 0, 15 = 2*f - 5*g - 23. Suppose -f*n + 10*n - 176 = 0. What are the prime factors of n?
2, 11
Suppose -3*q = -5*w - 2*q + 340, -4*w = 2*q - 272. Let p = w - 48. What are the prime factors of p?
2, 5
Let d = 2 + -11. Let u = 21 + d. Let j = u + 0. What are the prime factors of j?
2, 3
Suppose -4*z - z - 70 = -5*n, -2*z = -5*n + 25. Let k = 29 - z. What are the prime factors of k?
2, 11
Suppose -2379*g = -2368*g - 34287. What are the prime factors of g?
3, 1039
Suppose 69120 = 1584*n - 1557*n. What are the prime factors of n?
2, 5
Let v(k) = k**3 + 3*k**2 - 4*k + 18. List the prime factors of v(5).
2, 3, 11
Let m(h) = -3*h - 67. Let b be m(-26). Let u be (-304)/(-14) + 4/14. Let f = u - b. What are the prime factors of f?
11
Suppose -92*g + 232834 = 84070. What are the prime factors of g?
3, 7, 11
Suppose 0 = -2*j + 4*y + 20, j = -5*y + 8 - 26. Suppose 0 = s - 5*r - 183, -j*r + 7*r = -4*s + 632. List the prime factors of s.
163
Let a(f) = 5*f**2 - 7*f. Let k be a(3). Suppose 0 = k*c - 23*c - 232. List the prime factors of c.
2, 29
Suppose -4*p + 66 = -5*j, -j + 3*j = -p + 10. Suppose -18*r = -p*r - 252. List the prime factors of r.
3, 7
Suppose -774 = 5*u - 8*u. Suppose 3*z - u - 129 = 0. List the prime factors of z.
3, 43
Let p(n) = 31*n**2 - 4. Let f(d) = -3 + 4*d**2 + 6*d**2 - 2*d**2 + 22*d**2. Let g(o) = 3*f(o) - 2*p(o). What are the prime factors of g(1)?
3
Let r(y) = -20*y + 19. Let o be r(-5). Let g = -51 + o. What are the prime factors of g?
2, 17
Let u(y) = -15*y**3 - 2*y**2 + 7*y - 4. Let z be u(3). What are the prime factors of 14/35 - z/10?
41
What are the prime factors of -9 + (-3357)/(-5 - -2)?
2, 3, 5, 37
Let m(k) = -37*k - 202. List the prime factors of m(-23).
11, 59
Let v(q) = q**2 - 1. Let h(a) = 5*a**2 - 6*a - 1. Let d(y) = -h(y) + 4*v(y). Let w be d(5). Suppose -f + 18 = w*f. List the prime factors of f.
2, 3
Suppose -10*q = -q - 2700. Suppose 4*i = i - 2*s + 180, -3*s - q = -5*i. What are the prime factors of i?
2, 3, 5
Suppose 0*l + 5174 = 13*l. What are the prime factors of l?
2, 199
Suppose 2*u + 2*t - 111 = 1, -2*t = 3*u - 165. Let m = u + -5. Let k = -30 + m. List the prime factors of k.
2, 3
Let j be (-7112)/(-91) - (0 - 2/(-13)). Let d = 120 + -58. Suppose 5*m - d = j. What are the prime factors of m?
2, 7
List the prime factors of ((-4)/(-10))/(7/14910).
2, 3, 71
List the prime factors of 38/57*(172 + -1).
2, 3, 19
Let f(b) be the third derivative of -b**5/60 - 3*b**4/8 + b**3/2 - b**2. Let o = -32 - -28. List the prime factors of f(o).
23
Suppose -2*l = -6*l - 2*b + 70, -40 = -2*l - 2*b. Suppose 6*j - 267 = l. What are the prime factors of j?
47
Let v(l) = -2*l - 4. Let u be v(-3). Suppose 0 = f + u - 4. Suppose -3*d + f*y = -58, 6*d = 3*d - 4*y + 46. What are the prime factors of d?
2, 3
Suppose 63*u = 66*u - 4*w - 8020, -5*w = 2*u - 5362. List the prime factors of u.
2, 3, 223
Let m(x) = -1 - 3 + 2*x + 2. Let n(u) = u**3 + 5*u**2 - 9*u - 10. Let i be n(-6). What are the prime factors of m(i)?
2, 7
Let h = -785 - -417. Let d(a) = a - 9. Let y be d(5). List the prime factors of (h/y)/(2 + 0).
2, 23
List the prime factors of -4*((-7642)/8)/(26 - 25).
3821
Let g be (2 - 93)*(-1 - 1)/(-2). Let m(s) = -3*s**2 - 5*s - 7. Let f be m(-5). Let i = f - g. List the prime factors of i.
2, 17
List the prime factors of -171*(5 - 1)*6/(-8).
3, 19
Let l = -11 + 15. Suppose -4*d = l*d - 16. Suppose -d*z + 3*m = z - 189, 221 = 3*z + 5*m. What are the prime factors of z?
67
Suppose 1 = 3*c - 74. Let g = c + -1. What are the prime factors of g?
2, 3
Suppose 4*x - 2*q + 4*q - 470 = 0, -2*x = -4*q - 230. Suppose 0 = 3*v + 4*r - 133, -5*v - 4*r = x - 352. What are the prime factors of v?
3, 17
Suppose 0 = -13*f + 26 + 923. Let n = 106 - f. List the prime factors of n.
3, 11
Let l = -923 + 1363. What are the prime factors of l?
2, 5, 11
Let a(w) = w**3 - 22*w**2 + 20*w - 6. Let m be a(21). Let v = -12 - m. What are the prime factors of v?
3, 5
Suppose 3*o = 4*k + 1950, -k - 1953 = -3*o + 4*k. What are the prime factors of o?
2, 17, 19
Suppose 0 = 107*o - 115*o + 7928. List the prime factors of o.
991
Suppose -g + 125 = 4*a, 0 = -2*a - g - 2*g + 75. What are the prime factors of (-21 + a)/((-1)/(-9))?
3
Let s(x) = x**2 + 4*x - 23. Let i = -51 - -62. What are the prime factors of s(i)?
2, 71
Let y = 62 - 94. Let x = 93 + y. What are the prime factors of x?
61
Suppose 707 + 345 = 4*g + 3*f, -4*f + 1056 = 4*g. What are the prime factors of g?
2, 5, 13
Let x(g) = 23*g - 110. What are the prime factors of x(19)?
3, 109
Let m = -910 + 1335. What are the prime factors of m?
5, 17
Suppose 3*s - 459 = -2*c, -s + 228 = c + s. Suppose -5*i + 226 = -c. What are the prime factors of i?
2, 23
Suppose -3*o = 0, 0 = -4*r - 2*o - 0*o. Let j = 40 - 15. Let w = r + j. List the prime factors of w.
5
Suppose -2*p + 13 + 6 = -3*u, -2*u = 2*p + 6. List the prime factors of (-1)/u + 2/((-10)/(-709)).
2, 71
Let u = 2 - 16. Let i = u + 20. List the prime factors of ((-12)/10)/(i/(-105)).
3, 7
Let b(j) = -j + 259. Let g(d) = -d + 258. Let m(z) = 4*b(z) - 3*g(z). What are the prime factors of m(0)?
2, 131
Suppose 3*v = -4*f + 3673, 5*v = f + 10*v - 931. What are the prime factors of f?
2, 229
Suppose -19*n - 2128 + 17575 = 0. List the prime factors of n.
3, 271
Let x(c) = 336*c - 32. What are the prime factors of x(1)?
2, 19
Suppose 0 = -2*k - 3*l + 2473 - 56, 0 = 3*l - 3. List the prime factors of k.
17, 71
Let n be ((-6)/9)/(5/(-30)). Suppose s = n*s - 468. What are the prime factors of s?
2, 3, 13
Let k(x) = x**3 + 3*x**2 - 6*x - 4. Let l be k(-4). Let v be 1/(6/4) - (-584)/6. Suppose -2*s = 5*r - v, l*s - 4*r - 234 = -66. What are the prime factors of s?
2, 11
Let n be ((-4)/(-1))/(-2) + 4. Suppose 99 = n*z + z. Let m = -11 + z. List the prime factors of m.
2, 11
Let l be ((-6)/2 - -1) + -51 + -2. Let q = l - -58. List the prime factors of q.
3
Let m = 5 + 29. Suppose -4*s + m = -3*s. List the prime factors of s.
2, 17
Let k(v) = -3*v - 20. Let r be k(-9). Suppose -5*m + m + 3*a + 1 = 0, -3*m + a + r = 0. List the prime factors of 198/m - 1/(-2).
2, 5
List the prime factors of (10/(-20))/((5/18130)/(-1)).
7, 37
Let s be (-4)/5*(-55)/22. Suppose -2*d - 102 = -s*w - 20, 4*d + 209 = -5*w. What are the prime factors of (-27)/18*d/3?
23
Let r = -11 + 4. List the prime factors of (-3)/r - (3309/(-21) + -1).
3, 53
List the prime factors of (-15)/12*(-1 - 999).
2, 5
Let d = -2 + 7. Suppose -d*o = -4 - 126. List the prime factors of o.
2, 13
Let m = 13 + -6. Suppose 4*p + 81 = m*p. What are the prime factors of p?
3
Suppose 4*d + 130 = w, 5*d - 3 = -5*w + 597. Let a be ((-4)/4)/((-1)/w). Suppose 0 = 8*q - a - 294. What are the prime factors of q?
2, 13
Let o(c) = c**2 - c. Let d(i) = 24*i**2 + 6*i - 1. Let v(n) = -d(n) - 6*o(n). Let x be v(-1). Let k = 41 + x. List the prime factors of k.
2, 3
Suppose 13 = 4*m + 1. Let d be (-2)/((-18)/14 + 1). Suppose m*q - 4*h = -7, 4*q + h = 3*q + d. List the prime factors of q.
3
Let y = 26 + -21. Let l(t) = 3 - 3 + t - 1 + y. What are the prime factors of l(7)?
11
Suppose 19*w - 18*w - 2*y = 791, 3*y - 1589 = -2*w. List the prime factors of w.
13, 61
Suppose -2*q - 3*q = -10. Suppose -3*f - 942 = 3*b, b + 0 = -4. What are the prime factors of q/(-14) + f/(-14)?
2, 11
Suppose 0 = -155*r + 149*r + 876. What are the prime factors of r?
2, 73
Suppose 2*i + 7*d + 730 = 11*d, 3*d + 9 = 0. Let b = i - -644. What are the prime factors of b?
3, 7, 13
Let k = -105 + 140. What ar